{"id":718,"date":"2023-03-09T07:18:32","date_gmt":"2023-03-09T07:18:32","guid":{"rendered":"http:\/\/localhost\/wordpress\/?page_id=718"},"modified":"2023-12-18T07:26:12","modified_gmt":"2023-12-18T07:26:12","slug":"featured-projects","status":"publish","type":"page","link":"https:\/\/qualipro.vn\/?page_id=718&lang=en","title":{"rendered":"Featured projects"},"content":{"rendered":"\t\t<div data-elementor-type=\"wp-page\" data-elementor-id=\"718\" class=\"elementor elementor-718\">\n\t\t\t\t\t\t\t\t\t<section class=\"penci-section penci-disSticky penci-structure-10 elementor-section elementor-top-section elementor-element elementor-element-59190d1 elementor-section-boxed elementor-section-height-default elementor-section-height-default\" data-id=\"59190d1\" data-element_type=\"section\">\n\t\t\t\t\t\t<div class=\"elementor-container elementor-column-gap-default\">\n\t\t\t\t\t<div class=\"penci-ercol-100 penci-ercol-order-1 penci-sticky-ct    elementor-column elementor-col-100 elementor-top-column elementor-element elementor-element-fa4f4ea\" data-id=\"fa4f4ea\" data-element_type=\"column\">\n\t\t\t<div class=\"elementor-widget-wrap elementor-element-populated\">\n\t\t\t\t\t\t\t\t<div class=\"elementor-element elementor-element-173e113 elementor-widget elementor-widget-penci-portfolio\" data-id=\"173e113\" data-element_type=\"widget\" data-widget_type=\"penci-portfolio.default\">\n\t\t\t\t<div class=\"elementor-widget-container\">\n\t\t\t            <div id=\"penci-portfolio--15053\" class=\"wrapper-penci-portfolio\">\r\n\t\t\t\t\t\t\t\t\t                    <div class=\"penci-portfolio-filter\">\r\n                        <ul>\r\n                            <li class=\"all active\">\r\n                                <a data-term=\"*\" data-filter=\"*\" href=\"#\" class=\"alltext\">All<\/a>\r\n                            <\/li>\r\n\t\t\t\t\t\t\t<li><a data-filter=\".penci-cong-trinh-cong-nghiep\" data-term=\"cong-trinh-cong-nghiep\" data-tax=\"portfolio-category\" href=\"#\">C\u00f4ng tr\u00ecnh c\u00f4ng nghi\u1ec7p<\/a><\/li><li><a data-filter=\".penci-cong-trinh-dan-dung\" data-term=\"cong-trinh-dan-dung\" data-tax=\"portfolio-category\" href=\"#\">C\u00f4ng tr\u00ecnh d\u00e2n d\u1ee5ng<\/a><\/li><li><a data-filter=\".penci-ha-tang\" data-term=\"ha-tang\" data-tax=\"portfolio-category\" href=\"#\">H\u1ea1 t\u1ea7ng<\/a><\/li>                        <\/ul>\r\n                    <\/div><!-- .portfolio-filter -->\r\n                    <div class=\"clearfix\"><\/div>\r\n\t\t\t\t\t\t\t\t                <div id=\"penci-portfolio--15053\"\r\n                     class=\"penci-portfolio penci-portfolio-wrap column-3 penci-portfolio-below_img\">\r\n                    <div class=\"inner-portfolio-posts\">\r\n\t\t\t\t\t\t\t\t\t\t\t\t\t                            <article class=\"portfolio-item penci-cong-trinh-dan-dung penci-ha-tang\" id=\"portfolio-2544\"\r\n                                     data-pflID=\"2544\"\r\n                                     data-terms=\"cong-trinh-dan-dung ha-tang\">\r\n                                <div class=\"inner-item-portfolio\">\r\n                                    <div class=\"info-portfolio\">\r\n                                        <div class=\"penci-portfolio-thumbnail\">\r\n\t\t\t\t\t\t\t\t\t\t\t                                            <a href=\"https:\/\/qualipro.vn\/?portfolio=du-an-cong-trinh-thuong-mai-dich-vu-bai-do-xe-tai-khu-dat-dau-gia-tq5\">\r\n\t\t\t\t\t\t\t\t\t\t\t\t\t\t\t\t\t\t\t\t\t\t\t\t\t<span class=\"penci-image-placeholder penci-lazy\" style=\"padding-bottom:66.6666667%;\" data-bgset=\"https:\/\/qualipro.vn\/wp-content\/uploads\/2026\/03\/QP218-2-585x390.jpg\"><\/span>                                                <\/a>\r\n                                        <\/div>\r\n                                        <div class=\"portfolio-desc\">\r\n                                            <a href=\"https:\/\/qualipro.vn\/?portfolio=du-an-cong-trinh-thuong-mai-dich-vu-bai-do-xe-tai-khu-dat-dau-gia-tq5\">\r\n                                                <h3 class=\"portfolio-title\">D\u1ef0 \u00c1N C\u00d4NG TR\u00ccNH TH\u01af\u01a0NG M\u1ea0I, D\u1ecaCH V\u1ee4, B\u00c3I \u0110\u1ed6 XE T\u1ea0I KHU \u0110\u1ea4T \u0110\u1ea4U GI\u00c1 TQ5<\/h3>\r\n\t\t\t\t\t\t\t\t\t\t\t\t                                                    <span class=\"portfolio-cat\">C\u00f4ng tr\u00ecnh d\u00e2n d\u1ee5ng, H\u1ea1 t\u1ea7ng<\/span>\r\n\t\t\t\t\t\t\t\t\t\t\t\t                                            <\/a>\r\n                                        <\/div>\r\n                                    <\/div>\r\n                                <\/div>\r\n                            <\/article>\r\n\t\t\t\t\t\t\t\t\t\t\t\t\t                            <article class=\"portfolio-item penci-cong-trinh-cong-nghiep\" id=\"portfolio-2543\"\r\n                                     data-pflID=\"2543\"\r\n                                     data-terms=\"cong-trinh-cong-nghiep\">\r\n                                <div class=\"inner-item-portfolio\">\r\n                                    <div class=\"info-portfolio\">\r\n                                        <div class=\"penci-portfolio-thumbnail\">\r\n\t\t\t\t\t\t\t\t\t\t\t                                            <a href=\"https:\/\/qualipro.vn\/?portfolio=du-an-showroom-nha-may-bao-gi-vu-gia\">\r\n\t\t\t\t\t\t\t\t\t\t\t\t\t\t\t\t\t\t\t\t\t\t\t\t\t<span class=\"penci-image-placeholder penci-lazy\" style=\"padding-bottom:66.6666667%;\" data-bgset=\"https:\/\/qualipro.vn\/wp-content\/uploads\/2026\/03\/QP216-1-585x390.jpg\"><\/span>                                                <\/a>\r\n                                        <\/div>\r\n                                        <div class=\"portfolio-desc\">\r\n                                            <a href=\"https:\/\/qualipro.vn\/?portfolio=du-an-showroom-nha-may-bao-gi-vu-gia\">\r\n                                                <h3 class=\"portfolio-title\">D\u1ef0 \u00c1N SHOWROOM NH\u00c0 M\u00c1Y BAO G\u00cc V\u0168 GIA<\/h3>\r\n\t\t\t\t\t\t\t\t\t\t\t\t                                                    <span class=\"portfolio-cat\">C\u00f4ng tr\u00ecnh c\u00f4ng nghi\u1ec7p<\/span>\r\n\t\t\t\t\t\t\t\t\t\t\t\t                                            <\/a>\r\n                                        <\/div>\r\n                                    <\/div>\r\n                                <\/div>\r\n                            <\/article>\r\n\t\t\t\t\t\t\t\t\t\t\t\t\t                            <article class=\"portfolio-item penci-cong-trinh-cong-nghiep\" id=\"portfolio-2542\"\r\n                                     data-pflID=\"2542\"\r\n                                     data-terms=\"cong-trinh-cong-nghiep\">\r\n                                <div class=\"inner-item-portfolio\">\r\n                                    <div class=\"info-portfolio\">\r\n                                        <div class=\"penci-portfolio-thumbnail\">\r\n\t\t\t\t\t\t\t\t\t\t\t                                            <a href=\"https:\/\/qualipro.vn\/?portfolio=du-an-nha-may-san-xuat-fot-industries-viet-nam\">\r\n\t\t\t\t\t\t\t\t\t\t\t\t\t\t\t\t\t\t\t\t\t\t\t\t\t<span class=\"penci-image-placeholder penci-lazy\" style=\"padding-bottom:66.6666667%;\" data-bgset=\"https:\/\/qualipro.vn\/wp-content\/uploads\/2026\/03\/QP215-2-585x390.jpg\"><\/span>                                                <\/a>\r\n                                        <\/div>\r\n                                        <div class=\"portfolio-desc\">\r\n                                            <a href=\"https:\/\/qualipro.vn\/?portfolio=du-an-nha-may-san-xuat-fot-industries-viet-nam\">\r\n                                                <h3 class=\"portfolio-title\">D\u1ef0 \u00c1N NH\u00c0 M\u00c1Y S\u1ea2N XU\u1ea4T FOT INDUSTRIES VI\u1ec6T NAM<\/h3>\r\n\t\t\t\t\t\t\t\t\t\t\t\t                                                    <span class=\"portfolio-cat\">C\u00f4ng tr\u00ecnh c\u00f4ng nghi\u1ec7p<\/span>\r\n\t\t\t\t\t\t\t\t\t\t\t\t                                            <\/a>\r\n                                        <\/div>\r\n                                    <\/div>\r\n                                <\/div>\r\n                            <\/article>\r\n\t\t\t\t\t\t\t\t\t\t\t\t\t                            <article class=\"portfolio-item penci-cong-trinh-dan-dung penci-ha-tang\" id=\"portfolio-2541\"\r\n                                     data-pflID=\"2541\"\r\n                                     data-terms=\"cong-trinh-dan-dung ha-tang\">\r\n                                <div class=\"inner-item-portfolio\">\r\n                                    <div class=\"info-portfolio\">\r\n                                        <div class=\"penci-portfolio-thumbnail\">\r\n\t\t\t\t\t\t\t\t\t\t\t                                            <a href=\"https:\/\/qualipro.vn\/?portfolio=du-an-nha-o-rieng-le-ket-hop-van-phong-cho-thue-tai-hai-phong\">\r\n\t\t\t\t\t\t\t\t\t\t\t\t\t\t\t\t\t\t\t\t\t\t\t\t\t<span class=\"penci-image-placeholder penci-lazy\" style=\"padding-bottom:66.6666667%;\" data-bgset=\"https:\/\/qualipro.vn\/wp-content\/uploads\/2026\/03\/QP213-2-585x390.jpg\"><\/span>                                                <\/a>\r\n                                        <\/div>\r\n                                        <div class=\"portfolio-desc\">\r\n                                            <a href=\"https:\/\/qualipro.vn\/?portfolio=du-an-nha-o-rieng-le-ket-hop-van-phong-cho-thue-tai-hai-phong\">\r\n                                                <h3 class=\"portfolio-title\">D\u1ef0 \u00c1N T\u00d2A NH\u00c0 CT OFFICE<\/h3>\r\n\t\t\t\t\t\t\t\t\t\t\t\t                                                    <span class=\"portfolio-cat\">C\u00f4ng tr\u00ecnh d\u00e2n d\u1ee5ng, H\u1ea1 t\u1ea7ng<\/span>\r\n\t\t\t\t\t\t\t\t\t\t\t\t                                            <\/a>\r\n                                        <\/div>\r\n                                    <\/div>\r\n                                <\/div>\r\n                            <\/article>\r\n\t\t\t\t\t\t\t\t\t\t\t\t\t                            <article class=\"portfolio-item penci-cong-trinh-cong-nghiep\" id=\"portfolio-2540\"\r\n                                     data-pflID=\"2540\"\r\n                                     data-terms=\"cong-trinh-cong-nghiep\">\r\n                                <div class=\"inner-item-portfolio\">\r\n                                    <div class=\"info-portfolio\">\r\n                                        <div class=\"penci-portfolio-thumbnail\">\r\n\t\t\t\t\t\t\t\t\t\t\t                                            <a href=\"https:\/\/qualipro.vn\/?portfolio=du-an-nha-xuong-kim-nha-may-wiha-thai-nguyen\">\r\n\t\t\t\t\t\t\t\t\t\t\t\t\t\t\t\t\t\t\t\t\t\t\t\t\t<span class=\"penci-image-placeholder penci-lazy\" style=\"padding-bottom:66.6666667%;\" data-bgset=\"https:\/\/qualipro.vn\/wp-content\/uploads\/2026\/03\/QP212-4-585x390.jpg\"><\/span>                                                <\/a>\r\n                                        <\/div>\r\n                                        <div class=\"portfolio-desc\">\r\n                                            <a href=\"https:\/\/qualipro.vn\/?portfolio=du-an-nha-xuong-kim-nha-may-wiha-thai-nguyen\">\r\n                                                <h3 class=\"portfolio-title\">D\u1ef0 \u00c1N NH\u00c0 M\u00c1Y WIHA VI\u1ec6T NAM<\/h3>\r\n\t\t\t\t\t\t\t\t\t\t\t\t                                                    <span class=\"portfolio-cat\">C\u00f4ng tr\u00ecnh c\u00f4ng nghi\u1ec7p<\/span>\r\n\t\t\t\t\t\t\t\t\t\t\t\t                                            <\/a>\r\n                                        <\/div>\r\n                                    <\/div>\r\n                                <\/div>\r\n                            <\/article>\r\n\t\t\t\t\t\t\t\t\t\t\t\t\t                            <article class=\"portfolio-item penci-cong-trinh-cong-nghiep\" id=\"portfolio-2539\"\r\n                                     data-pflID=\"2539\"\r\n                                     data-terms=\"cong-trinh-cong-nghiep\">\r\n                                <div class=\"inner-item-portfolio\">\r\n                                    <div class=\"info-portfolio\">\r\n                                        <div class=\"penci-portfolio-thumbnail\">\r\n\t\t\t\t\t\t\t\t\t\t\t                                            <a href=\"https:\/\/qualipro.vn\/?portfolio=du-an-nha-may-may-mac-texhong-hai-ha\">\r\n\t\t\t\t\t\t\t\t\t\t\t\t\t\t\t\t\t\t\t\t\t\t\t\t\t<span class=\"penci-image-placeholder penci-lazy\" style=\"padding-bottom:66.6666667%;\" data-bgset=\"https:\/\/qualipro.vn\/wp-content\/uploads\/2026\/03\/QP211-4-585x390.jpg\"><\/span>                                                <\/a>\r\n                                        <\/div>\r\n                                        <div class=\"portfolio-desc\">\r\n                                            <a href=\"https:\/\/qualipro.vn\/?portfolio=du-an-nha-may-may-mac-texhong-hai-ha\">\r\n                                                <h3 class=\"portfolio-title\">D\u1ef0 \u00c1N NH\u00c0 M\u00c1Y MAY M\u1eb6C HOA L\u1ee2I \u0110\u1ea0T<\/h3>\r\n\t\t\t\t\t\t\t\t\t\t\t\t                                                    <span class=\"portfolio-cat\">C\u00f4ng tr\u00ecnh c\u00f4ng nghi\u1ec7p<\/span>\r\n\t\t\t\t\t\t\t\t\t\t\t\t                                            <\/a>\r\n                                        <\/div>\r\n                                    <\/div>\r\n                                <\/div>\r\n                            <\/article>\r\n\t\t\t\t\t\t                    <\/div>\r\n                <\/div>\r\n\r\n                <div class=\"penci-pagenavi-shortcode\">\r\n\t\t\t\t\t<div class=\"penci-pagination align-left\"><ul class='page-numbers'>\n\t<li><span aria-current=\"page\" class=\"page-numbers current\">1<\/span><\/li>\n\t<li><a class=\"page-numbers\" href=\"https:\/\/qualipro.vn\/index.php?rest_route=%2Fwp%2Fv2%2Fpages%2F718&#038;paged=2\">2<\/a><\/li>\n\t<li><a class=\"page-numbers\" href=\"https:\/\/qualipro.vn\/index.php?rest_route=%2Fwp%2Fv2%2Fpages%2F718&#038;paged=3\">3<\/a><\/li>\n\t<li><span class=\"page-numbers dots\">&hellip;<\/span><\/li>\n\t<li><a class=\"page-numbers\" href=\"https:\/\/qualipro.vn\/index.php?rest_route=%2Fwp%2Fv2%2Fpages%2F718&#038;paged=6\">6<\/a><\/li>\n\t<li><a class=\"next page-numbers\" href=\"https:\/\/qualipro.vn\/index.php?rest_route=%2Fwp%2Fv2%2Fpages%2F718&#038;paged=2\"><i class=\"penci-faicon fa fa-angle-right\" ><\/i><\/a><\/li>\n<\/ul>\n<\/div>                <\/div>\r\n\t\t\t\t                <script type=\"text\/javascript\">\r\n                    portfolioDataJs.push( {\"instanceId\":\"penci-portfolio--15053\",\"atts\":{\"style\":\"grid\",\"image_type\":\"landscape\",\"item_style\":\"below_img\",\"column\":\"3\",\"pagination\":\"number\",\"numbermore\":6,\"filter\":\"true\",\"lightbox\":\"false\",\"elementor_query\":{\"orderby\":\"date\",\"order\":\"desc\",\"ignore_sticky_posts\":1,\"post_status\":\"publish\",\"post__not_in\":[],\"post_type\":\"portfolio\",\"posts_per_page\":6,\"tax_query\":[]}},\"query\":{\"orderby\":\"date\",\"order\":\"desc\",\"ignore_sticky_posts\":1,\"post_status\":\"publish\",\"post__not_in\":[],\"post_type\":\"portfolio\",\"posts_per_page\":6,\"tax_query\":[]},\"layout\":\"grid\",\"imagetype\":\"landscape\",\"count\":34,\"countByTerms\":{\"cong-trinh-cong-nghiep\":16,\"cong-trinh-dan-dung\":14,\"ha-tang\":6},\"currentTerm\":\"*\",\"currentTax\":\"portfolio-category\",\"lightbox\":\"false\"} );\r\n                <\/script>\r\n            <\/div>\r\n\r\n\t\t\t\t\t<\/div>\n\t\t\t\t<\/div>\n\t\t\t\t\t<\/div>\n\t\t<\/div>\n\t\t\t\t\t\t\t<\/div>\n\t\t<\/section>\n\t\t\t\t\t\t\t<\/div>\n\t\t","protected":false},"excerpt":{"rendered":"<p>All C\u00f4ng tr\u00ecnh c\u00f4ng nghi\u1ec7p C\u00f4ng tr\u00ecnh d\u00e2n d\u1ee5ng Tr\u01b0\u1eddng h\u1ecdc Nh\u00e0 m\u00e1y Laurelton C\u00f4ng tr\u00ecnh c\u00f4ng nghi\u1ec7p Trung t\u00e2m c\u1ee9u h\u1ed9 g\u1ea5u Tam \u0110\u1ea3o C\u00f4ng tr\u00ecnh d\u00e2n d\u1ee5ng Tr\u01b0\u1eddng&hellip;<\/p>\n","protected":false},"author":1,"featured_media":0,"parent":0,"menu_order":0,"comment_status":"closed","ping_status":"closed","template":"","meta":{"footnotes":""},"class_list":["post-718","page","type-page","status-publish","hentry"],"lang":"en","translations":{"vi":986,"en":718},"pll_sync_post":[],"_links":{"self":[{"href":"https:\/\/qualipro.vn\/index.php?rest_route=\/wp\/v2\/pages\/718","targetHints":{"allow":["GET"]}}],"collection":[{"href":"https:\/\/qualipro.vn\/index.php?rest_route=\/wp\/v2\/pages"}],"about":[{"href":"https:\/\/qualipro.vn\/index.php?rest_route=\/wp\/v2\/types\/page"}],"author":[{"embeddable":true,"href":"https:\/\/qualipro.vn\/index.php?rest_route=\/wp\/v2\/users\/1"}],"replies":[{"embeddable":true,"href":"https:\/\/qualipro.vn\/index.php?rest_route=%2Fwp%2Fv2%2Fcomments&post=718"}],"version-history":[{"count":16,"href":"https:\/\/qualipro.vn\/index.php?rest_route=\/wp\/v2\/pages\/718\/revisions"}],"predecessor-version":[{"id":1030,"href":"https:\/\/qualipro.vn\/index.php?rest_route=\/wp\/v2\/pages\/718\/revisions\/1030"}],"wp:attachment":[{"href":"https:\/\/qualipro.vn\/index.php?rest_route=%2Fwp%2Fv2%2Fmedia&parent=718"}],"curies":[{"name":"wp","href":"https:\/\/api.w.org\/{rel}","templated":true}]}}