{"id":2339,"date":"2024-10-08T08:18:46","date_gmt":"2024-10-08T08:18:46","guid":{"rendered":"https:\/\/qualipro.vn\/?page_id=2339"},"modified":"2024-10-08T08:22:35","modified_gmt":"2024-10-08T08:22:35","slug":"doi-tac-va-khach-hang-tieu-bieu","status":"publish","type":"page","link":"https:\/\/qualipro.vn\/?page_id=2339","title":{"rendered":"\u0110\u1ed0I T\u00c1C V\u00c0 KH\u00c1CH H\u00c0NG TI\u00caU BI\u1ec2U"},"content":{"rendered":"\n<p>D\u01b0\u1edbi \u0111\u00e2y l\u00e0 nh\u1eefng \u0111\u1ed1i t\u00e1c v\u00e0 kh\u00e1ch h\u00e0ng ti\u00eau bi\u1ec3u m\u00e0 QualiPro \u0111\u00e3 v\u00e0 \u0111ang h\u1ee3p t\u00e1c t\u1ea1i nh\u1eefng d\u1ef1 \u00e1n \u0111\u1ebfn nay:<\/p>\n\n\n\n<p>Nh\u00e0 \u0111\u1ea7u t\u01b0: General Motors Vietnam, Tiffany &amp; Co. (M\u1ef9), Laurelton Diamonds (Belgium), Casino Group (Ph\u00e1p), VinaSolar\/Vinacell (Trung Qu\u1ed1c), Iwasaki MFG &amp; Tomoken (Nh\u1eadt B\u1ea3n), Daewoo, Haesung, Hyundai, Lotte, Noble (H\u00e0n Qu\u1ed1c), Foxconn (\u0110\u00e0i Loan),\u00a0Sing Lun (Singapore),\u00a0The Coffee House, Trong Dong Palace, Plaschem Group, Tu Phuong Plastic,..<\/p>\n\n\n\n<p>T\u1ed5 ch\u1ee9c gi\u00e1o d\u1ee5c, ph\u00e1t tri\u1ec3n v\u00e0 t\u1eeb thi\u1ec7n: Concordia International School of Hanoi (CISH), United Nations International School Hanoi (UNIS), True North Discovery, Animals Asia Foundation (AAF), Action On Poverty (AOP).<\/p>\n\n\n\n<p>Doanh nghi\u1ec7p qu\u1ea3n l\u00fd ho\u1eb7c t\u01b0 v\u1ea5n: <span style=\"font-family: Raleway, sans-serif; font-size: 15px; white-space: normal;\">Langdon &amp; Seah, Baker &amp; McKenzie, Bremen Overseas Research and Development Association (BORDA); Project Management International (PMI), Bureau Veritas,\u00a0Apave, MACE, 4MPartners, Samoo CM.\u00a0<\/span><\/p>\n\n\n\n<p>D\u1ef1 \u00e1n n\u1ed5i b\u1eadt: <\/p>\n\n\n\n<ul class=\"wp-block-list\">\n<li>S\u00e2n Golf V\u00e2n Tr\u00ec <\/li>\n\n\n\n<li>Tr\u01b0\u1eddng qu\u1ed1c t\u1ebf True North L\u01b0\u01a1ng Y\u00ean, H\u00e0 N\u1ed9i<\/li>\n\n\n\n<li>Trung t\u00e2m th\u01b0\u01a1ng m\u1ea1i Hyundai Hillsmall H\u00e0 N\u1ed9i<\/li>\n\n\n\n<li>Khu villa v\u00e0 nh\u00e0 c\u00e2u l\u1eadp b\u1ed9 Daewoo\u2019s StarLake H\u00e0 N\u1ed9i<\/li>\n\n\n\n<li>Van Tri Golf Estate \u2013 Restaurant and Spa, Hanoi<\/li>\n\n\n\n<li>Concordia International School of Hanoi (CISH), Hanoi<\/li>\n\n\n\n<li>United Nations International School Hanoi (UNIS) \u2013 Extension, Hanoi<\/li>\n\n\n\n<li>BigC Hypermarket and\u00a0Hoana Plaza Commercial Complex, Hai Duong<\/li>\n\n\n\n<li>Vietnam\u00a0Bear Rescue Centre (VBRC), Vinh Phuc<\/li>\n\n\n\n<li>General Motors Vietnam (GMV) Office &amp; Workshop, Hanoi<\/li>\n\n\n\n<li>Laurelton Diamond Factory &amp; Tomoken Fire Factory, Hai Duong<\/li>\n\n\n\n<li>BioSpring Biological Products Factory, Hanoi<\/li>\n\n\n\n<li>Sing Lun Garment Complex, Hanoi<\/li>\n\n\n\n<li>Vinacell, Haesung and Foxconn Factory in Bac Giang<\/li>\n\n\n\n<li>VinaSolar W10-W11 Warehouse\/Workshop<\/li>\n\n\n\n<li>Miracle Tower 8 Nguy\u00ean H\u1ed3ng, H\u00e0 N\u1ed9i<\/li>\n\n\n\n<li>T\u00fa Ph\u01b0\u01a1ng Plastic Factories in B\u1eafc Ninh and Long An<\/li>\n<\/ul>\n","protected":false},"excerpt":{"rendered":"<p>D\u01b0\u1edbi \u0111\u00e2y l\u00e0 nh\u1eefng \u0111\u1ed1i t\u00e1c v\u00e0 kh\u00e1ch h\u00e0ng ti\u00eau bi\u1ec3u m\u00e0 QualiPro \u0111\u00e3 v\u00e0 \u0111ang h\u1ee3p t\u00e1c t\u1ea1i nh\u1eefng d\u1ef1 \u00e1n \u0111\u1ebfn nay: Nh\u00e0 \u0111\u1ea7u t\u01b0: General Motors Vietnam,&hellip;<\/p>\n","protected":false},"author":1,"featured_media":0,"parent":916,"menu_order":0,"comment_status":"closed","ping_status":"closed","template":"","meta":{"footnotes":""},"class_list":["post-2339","page","type-page","status-publish","hentry"],"lang":"vi","translations":{"vi":2339,"en":405},"pll_sync_post":[],"_links":{"self":[{"href":"https:\/\/qualipro.vn\/index.php?rest_route=\/wp\/v2\/pages\/2339","targetHints":{"allow":["GET"]}}],"collection":[{"href":"https:\/\/qualipro.vn\/index.php?rest_route=\/wp\/v2\/pages"}],"about":[{"href":"https:\/\/qualipro.vn\/index.php?rest_route=\/wp\/v2\/types\/page"}],"author":[{"embeddable":true,"href":"https:\/\/qualipro.vn\/index.php?rest_route=\/wp\/v2\/users\/1"}],"replies":[{"embeddable":true,"href":"https:\/\/qualipro.vn\/index.php?rest_route=%2Fwp%2Fv2%2Fcomments&post=2339"}],"version-history":[{"count":1,"href":"https:\/\/qualipro.vn\/index.php?rest_route=\/wp\/v2\/pages\/2339\/revisions"}],"predecessor-version":[{"id":2340,"href":"https:\/\/qualipro.vn\/index.php?rest_route=\/wp\/v2\/pages\/2339\/revisions\/2340"}],"up":[{"embeddable":true,"href":"https:\/\/qualipro.vn\/index.php?rest_route=\/wp\/v2\/pages\/916"}],"wp:attachment":[{"href":"https:\/\/qualipro.vn\/index.php?rest_route=%2Fwp%2Fv2%2Fmedia&parent=2339"}],"curies":[{"name":"wp","href":"https:\/\/api.w.org\/{rel}","templated":true}]}}